-1
What is 5 + 0 + -11 - -6 - 17 - 4?
-21
Evaluate 22 + 3 + (-39 - -21) - (1 - -8).
-2
What is -2 + -18 + (8 + -12 - -18) + -9?
-15
Calculate -12 + (-13 - -46 - 10) + -22.
-11
What is -10 + 3 - (-65 - -46)?
12
Calculate 16 + (-19 - -9 - -1 - -6).
13
What is the value of (3 - (-14 - -7)) + (-1 - 1) + 9?
17
What is 225 - 257 - (1 - 23)?
-10
Evaluate 2 + 1 + -144 + 130.
-11
What is -19 - (30 + -15) - -3?
-31
What is -13 + (27 - 12) + (-1 - 1) - 6?
-6
-22 - (1 - (0 + (13 - 11)))
-21
What is 16 + (41 - 41) + -29?
-13
3 - (3 + 2) - (10 + 11 + -14)
-9
13 + -4 + 3 + 2
14
What is the value of -18 - -34 - (12 - 3)?
7
Evaluate -10 + -1 + -8 + 37 + -21.
-3
-8 + 0 + (185 - 183)
-6
(2 - 0 - 1) + 79 + 18 + -86
12
Evaluate -43 + (-16 - (-56 + 28)).
-31
What is -3 + 11 + -12 + -4 + 16?
8
What is the value of -27 + 0 + 1 - (-23 - (-1 + -27))?
-31
What is the value of 11 + -11 + 12 + -19?
-7
What is -37 - (-18 - (11 - 15) - -4)?
-27
What is the value of -19 + -3 - (5 + -31)?
4
Evaluate 6 - (-19 - 4 - (-27 + 13)).
15
191 - 201 - (-3 + -11)
4
Calculate -12 + -2 + 1 + 7 - -2.
-4
Evaluate 2 - (11 + 6) - -3.
-12
Evaluate (0 - -4) + -10 + -3 + 4 + 18.
13
What is the value of -66 - -70 - (2 + 0) - (1 - 0)?
1
-13 + (10 + 5 - (-7 + -5))
14
Evaluate -11 + 6 + -10 + 30.
15
What is the value of (3 - 2) + -11 + (35 - (22 + -16))?
19
What is -2 - (-27 + 12 + -4)?
17
What is (-9 - (-5 + -5 + 5)) + (153 - 117)?
32
Calculate 10 - (-5 + 4) - (4 - (0 + 6)).
13
What is the value of (-1 - 0 - -15) + 1534 + -1553?
-5
What is (8 - (-2 + 2 - 2)) + -32 + 36?
14
Evaluate -4 + (-4 + 4 - 5 - -6) + 14.
11
-5 - 2 - ((-6 - -16) + -5)
-12
Evaluate -4 - -6 - 4 - (31 - 48).
15
What is the value of (-535 - -553) + 0 + -55?
-37
What is the value of -6 + (13 - (3 - 5))?
9
What is the value of (11 - 28) + 26 + (-1 - -2)?
10
What is the value of -4 + (-1 - 5 - (10 + -24)) + -8?
-4
What is (-35 - -35) + (6 - 5)?
1
10 + 3 + (-4 - -3 - 13)
-1
16 + (14 - (-1 - -12)) + -15
4
What is -8 + 0 + 3 + -8 + -3 + 2?
-14
What is (-24 - -23) + (12 - (-2 - -2)) + -12?
-1
Calculate -10 - (8 - (17 + -7 + 1)).
-7
Calculate (56 - 49) + 3 + 1.
11
20 - (57 + -37 + 2)
-2
(1 - 13) + -22 + 25
-9
Evaluate 9 - (6 + -19 + 16).
6
(5 - -14 - 18) + (-3 - (-2 + -2))
2
Calculate -4 - (13 + -5) - -5.
-7
Evaluate (-41 + 36 + -1 + 11 - -1) + -6.
0
7 - (7 - -5 - -6)
-11
Evaluate -33 - -16 - -7 - -7.
-3
Calculate 2 + (0 - 0 - -2) - -1.
5
Calculate 31 + (20 - (33 - -48)).
-30
What is the value of (7 - (-2 - -1)) + (21 - 31) + -10?
-12
What is the value of 0 + -9 + 9 + 11 + 6?
17
Evaluate -4 + (23 - 0 - (20 - (18 - 5))).
12
What is the value of -6 - (3 - (12 - ((8 - 3) + -3)))?
1
Evaluate 22 + (-13 - (17 + -12)).
4
-12 - (-2 - -1 - (17 + -13 - 5))
-12
What is -7 - (-43 + (11 - -15))?
10
Calculate -4 - ((1 - -6) + (16 - 30) + 4).
-1
Calculate -29 - 1 - (426 + -477).
21
Calculate 0 - -1 - (16 - 37 - -10).
12
Calculate 1 + 2 + -1 + -22 + 31.
11
Calculate 32 + -5 + (-8 + -14 + 17 - -9).
31
Calculate 48 + -25 - (26 + -18).
15
What is 16 - 27 - (-1 + -19 + 5 + -6)?
10
Calculate (-4 - (-31 + 15 + -4)) + -3.
13
What is -23 + 17 + 13 + (0 - 1)?
6
What is 11 + 18 + -19 - -6?
16
Evaluate 22 + -14 + -13 + 2.
-3
-6 + -1 - -1 - (13 - 8) - -21
10
What is (4 - 4 - 12) + 140 + -136?
-8
Evaluate 212 + -191 - (2 - -3).
16
What is the value of -3 - 5 - (115 + -146)?
23
Calculate -7 + (-2 - -3) + (5 - (-7 - -9)).
-3
What is the value of 17 - (4 - -30 - 35)?
18
What is -4 - (-15 + 10 + -17) - -18?
36
What is -13 + 14 + (2 - (1 + -1))?
3
Calculate (-30 - -24) + 19 + 7.
20
(-3 + -13 - -24) + 9
17
What is (-15 - -21 - (-2 + 12)) + -1 + -6?
-11
Calculate 3 + (1 - -2 - 6) + -16.
-16
120 - 118 - (1 + 3)
-2
What is -19 + 0 + 39 + -38?
-18
Calculate 11 - (9 - (1 + (-3 - -5))).
5
Calculate 2 - 11 - (-23 - (-3 + 9 - 9)).
11
Evaluate 7 + -10 + 10 - (0 + -3).
10
What is (-8 - -9 - 9) + -1?
-9
What is -13 + 11 - -15 - -4?
17
Evaluate 16 + -23 + 3 + (-1 - 3) + 16.
8
What is the value of -3 - (-2 - -5) - 5 - -2?
-9
What is 1 + (-5 - 0) - (-8 + 3 + 2)?
-1
Evaluate -4 + (13 - 10) - (9 + 0).
-10
What is the value of 0 + (-10 - (-7 - -1))?
-4
Calculate -2 - -16 - (7 + -25 + 23) - -12.
21
Evaluate -7 + -17 + 8 - -16.
0
What is the value of -1 + -13 + -1 + (51 - 62)?
-26
What is (-2880 - -2884) + 1 + 29?
34
6 + (4 - -4 - 4) + 0 + -4
6
Evaluate -2 + 0 + 4 - 13.
-11
What is the value of 56 - (-24 - -53) - 39?
-12
(-1 - -2) + 13 - (-14 - (-4 - 8))
16
What is the value of -4 + -1 + 153 + -151?
-3
Calculate 3 + (-46 - -46) - (7 - 0).
-4
Calculate -6 + -6 + 9 + 3.
0
What is -10 - (19 + (15 - 70))?
26
What is -14 - (-14 + 5 + 0 - -1)?
-6
-2 + 7 - (1 + -3 - (3 - 11))
-1
Calculate -1 + (-8 - -15) + 2 + -12.
-4
-1 - (0 - 0) - (46 + -79 + 49)
-17
What is the value of 15 + (16 + -13 - 4)?
14
Calculate 21 - 1 - (96 + -80).
4
5 + -1 + -3 + 11
12
Evaluate -5 + 0 + -14 - (-11 + -1 + 6).
-13
What is -291 + 272 - (1 - -2)?
-22
Evaluate 20 + (3 - -2) + -8.
17
-22 - (-1 + 17 - 25)
-13
27 + -22 - -17 - 18
4
(-4 - (6 + -3 + -1)) + (1 - 3)
-8
221 + -220 + (1 + -2 - -2) + 1
3
Calculate -6 + (-5 - 9) - (34 - 33).
-21
What is the value of (-17 - -13) + 16 - (28 + 1)?
-17
What is -17 + (-2 - -1) + (-3 - 6 - -13)?
-14
What is 9 - (-17 + 12 + 4)?
10
What is -1 + 1 + 6 + (3 + 0 - 9)?
0
What is -8 - -7 - 17 - -7 - 2?
-13
(-4 - (-8 - -9)) + -9 + 2
-12
-33 + 35 - ((-3 - 0) + 2)
3
What is 35 - (24 - (1 + 27 + -17))?
22
(-15 - -3 - (-2 - (-3 + 2))) + -1
-12
-31 + -9 - -28 - 3
-15
Calculate -8 + -23 + 4 + -9 + -2 + 7.
-31
Evaluate -4 + 4 - -1 - (7 - 13 - 6).
13
(12 - (-24 + 17)) + -51 - (-4 - 1)
-27
Calculate 2 - -11 - (46 - 107 - -46).
28
Calculate -38 + 2 - (-28 + 33 + -12).
-29
What is the value of -5 + 18 + -6 + 17?
24
What is -31 - (-686 + 679 - (-7 + (-2 - -4)))?
-29
-10 + -7 + 2 + 7 + 6
-2
Calculate -32 - -35 - (7 + 3).
-7
Evaluate -9 + 9 + 1 + -10.
-9
Calculate -1 - 0 - (-29 - (-40 - -23)).
11
What is the value of -20 - (-25 + (-18 - -26))?
-3
What is the value of 7 - (-17 - (0 + -14))?
10
What is 0 + 1 + 16 + (34 + -112 - -78)?
17
Evaluate -4 + (3 + -6 - -4) + 2 + 4.
3
Evaluate 3 + -1 + -2 - (13 + 2 + -20).
5
Calculate 31 + (-42 + 8 - 7).
-10
What is 1 + -10 - (-19 + 6 + 7)?
-3
-45 + (31 - -7) - (-1 + 7 + 1)
-14
What is 11 - (-5 - -7) - (4 - 2 - -6)?
1
What is 26 - 3 - (15 - (37 + -42))?
3
Evaluate -40 - -20 - (11 - 5).
-26
What is the value of 5 + -2 + -18 + 15 - -6?
6
What is the value of (-31 + 48 - (11 + -1)) + 23?
30
Evaluate (1 + 16 - (-33 - -45)) + -17.
-12
What is the value of -11 + 6 + 13 + (4 - 1)?
11
What is 11 - (16 - 18 - (-18 - -4))?
-1
What is -9 + (-11 - (-17 - 5))?
2
Calculate -14 - -12 - ((-1 - 1) + -14 + 18).
-4
Evaluate 5 - ((12 + (-3 - 4) - -12) + 0).
-12
Evaluate 25 - (20 + -9 - (-11 + 12)).
15
-1 + 2 - (73 + -73)
1
Calculate -11 - -36 - 14 - -1.
12
Calculate -7 + (-5 + 8 - -10) - 2.
4
What is the value of -2 - (19 - (12 - 4))?
-13
What is 6 + (-24 - -2) + 10?
-6
Evaluate 36 - (9 + 0 + 7) - (-7 + 1).
26
What is 4 + (12 - -5) + (99 - 80)?
40
-2914 + 2883 - (-49 - 1)
19
What is -10 - 0 - (-9 - -10 - (-1 - -1))?
-11
What is the value of (3 - 2) + (48 - 50) + (-9 - -6)?
-4
Evaluate -20 - (24 + -33) - 2.
-13
-4 - (-12 - -20) - -12
0
What is (-25 - -10 - 1) + 7?
-9
What is (10 - 11) + -1 + -3 + -24 + 25?
-4
What is 29 + (2 + 6 - (9 + 6))?
22
Evaluate (-38 - -32) + (0 + 5 - 2).
-3
Evaluate 19 - (28 - (0 + 14)).
5
Evaluate 19 + -8 + (6 + 0 - 3) + -3.
11
What is 20 + (7 - 26) + 8?
9
Evaluate 1 + -4 + -50 + 21 + 23.
-9
What is the value of (-19 - (-15 + -14)) + -1 + 1 + 8?
18
Calculate 196 + -195 - (-8 + 1).
8
Calculate (37 + -41 + (-3 - -1) - -4) + -1.
-3
Evaluate -13 + 6 + 7 - (17 - 2).
-15
What is -8 + 3 + (-11 - -1) + (-5 - -11)?
-9
Calculate -1 - (0 + 1) - ((0 - -7) + 0).
-9
169 + -108 - (34 - 9)
36
-28 + (-5 - (-12 + -33))
12
What is (-17 - -21 - (7 - -6)) + -15?
-24
What is the value of -1 - ((-16 - -25) + -20)?
10
Evaluate 15 + -4 - (57 + -55).
9
Evaluate (-21 - (19 + -33)) + -17.
-24
What is the value of -1 + -38 - (-9 - -4 - (3 + -7))?
-38
Evaluate 18 + (9 - 12) + -9 + -6.
0
Evaluate (-1 - 6) + 0 + 1 + 4 + 12.
10
What is 16 - ((-4 - -9) + (3 + -1 - 2))?
11
What is -3 + -16 - (4 + -6) - -3?
-14
(-104 - -120 - (0 + 1 + 2)) + -4
9
1 + 1 + -12 + 15 + -10 - -8
3
-13 - (-13 - (8 + -6)) -